s digit of k?
3
Suppose -3*h = -29720 + 24987 - 105604. What is the ten thousands digit of h?
3
Let u(g) = -g + 1783. What is the tens digit of u(68)?
1
Let v be 6*1/27 + 420700/63. Suppose 31*f = 10*f + v. What is the hundreds digit of f?
3
Suppose 274243 = -7*b + 30419. What is the units digit of b/(-64) + (-20)/16?
3
Suppose -4*f - 27340 = -4*t, -4*t - 96*f = -102*f - 27350. What is the tens digit of t?
3
Let y = 29 + -13. Suppose 3*n + 4 = y. Suppose -f + 5*l = -54, 0 = -n*f + l - 4*l + 170. What is the tens digit of f?
4
Suppose 2*y + 66*b = 69*b + 24594, -2*y = 5*b - 24562. What is the units digit of y?
1
What is the thousands digit of (-35)/(-14)*(6 - (-4152)/10)?
1
Let t be 360*(0 + -2) + 7. What is the units digit of 4/3 + t/(-3) + -2?
7
Let h(x) = 10*x**2 + 35*x + 20. Let o be h(-12). Let s = o - 662. What is the hundreds digit of s?
3
Let j(l) = -2*l + 14. Let h be j(7). Suppose -7*n + 4*n + 129 = h. Let r = -42 + n. What is the units digit of r?
1
Let w(j) be the second derivative of -j**5/20 + 19*j**4/12 + j**3 - 11*j**2 + 9*j. Let i be w(19). Let q = i + 5. What is the units digit of q?
7
Suppose 22*r + 113894 = 44*r. What is the units digit of r?
7
Suppose 35 = -5*j - d, 20 = -5*j + d + d. Let b be 14 + 2 - (-6 - j). Suppose -4*x = -2*k + 6*k - 24, b = -2*x + 5*k. What is the units digit of x?
2
Let g be (7 - 3)/8*(-8)/(-2). Suppose -4*w = 3*q, 0*w = g*w + q. What is the tens digit of 37 - (-2 + (-2 - -4 - w))?
3
Suppose 0 = 3*p + 4*u - 20, 3*p - 4*p = -5*u - 13. Let x be 714/10 - p/20. Suppose -31 - x = -3*q. What is the tens digit of q?
3
Suppose -70*n - 8*n + 2012478 = 0. What is the thousands digit of n?
5
Let v = 43675 - 9046. What is the hundreds digit of v?
6
Suppose 2*c - 69556 = 5*s + 20890, -12 = 3*s. What is the thousands digit of c?
5
Suppose p = -5*g + 19, 5*g + 7*p - 35 = 2*p. Suppose -g*k - 2*k = 0. Let w = 4 - k. What is the units digit of w?
4
Suppose -4*n - 39125 = -5*t, n = 16*t - 20*t + 31300. Suppose -3*c + 6*c + t = 5*f, 0 = -3*c. What is the thousands digit of f?
1
Let o be 28/16 - 1/(-4). Suppose 5*u = -j + 20, -o = -2*j - u + 2. Suppose j = -0*y + y - z - 18, 0 = 2*y + 2*z - 56. What is the tens digit of y?
2
Let k be 8/(-2)*-1*2. Let d(b) = b**2 - 3*b - 8. Let m be d(k). Suppose -11 + m = 3*g. What is the units digit of g?
7
Let s = -256 + 273. Suppose -23*j + 2472 = -s*j. What is the tens digit of j?
1
Suppose -2*q - 663 = -15*q. What is the tens digit of (10 - 1)*4879/q?
6
Let h(m) = 2*m**2 - 6*m + 1. Let k be h(3). What is the units digit of (-2)/((5/1140)/(k/(-2)))?
8
Let f(x) = -2*x**2 + 50*x + 45. Let p be f(25). Suppose 60929 + 4276 = p*i. What is the hundreds digit of i?
4
Suppose -4 = 5*k + 6. What is the units digit of (-3 + k)/(1 + (-168)/166)?
5
Suppose 0*b - 5*b = z - 1367, 2682 = 2*z - 3*b. Suppose -7*u + 1082 + z = 0. What is the units digit of u?
7
Suppose 0 = 3*o - 5*z - 22142, 0 = 3*o - 4*z + 11781 - 33922. What is the thousands digit of o?
7
Let t be (-4)/10 + 84/10. Suppose -8*v - 16 = -z - 4*v, 26 = 5*z - 2*v. What is the tens digit of (t - 4)*202/z?
0
Let f be (-6)/((-12)/62) - 2. Suppose -33*x = -f*x - 304. What is the tens digit of x?
7
Let f be 17374/21 - -8 - (-2)/3. Let z = f + -521. What is the tens digit of z?
1
Let w(t) = 33*t + 159. Let a(k) = 22*k + 105. Let y(i) = 8*a(i) - 5*w(i). What is the units digit of y(3)?
8
Let d be (-10)/35 + (-23)/(-7). Suppose 2*j - 2*m + d = 5, -4*m + 17 = 3*j. Suppose 0 = -j*s + 8*s - 135. What is the tens digit of s?
2
Let s = 1 - -167. Let w = 1551 - 893. Suppose -10*j + w = s. What is the tens digit of j?
4
Suppose -450*s + 2732365 = -164*s + 81145. What is the tens digit of s?
7
Suppose -5*x + 5*c + 7 = -2*x, 0 = -4*x + c + 32. Suppose -x = 3*m, -2*m = -0*q - q + 57. What is the units digit of q?
1
What is the tens digit of (-168)/(-108) - 12/(-27) - -985*6?
1
Let m(z) = -7*z - 42 + 0*z + 2*z - 35*z. What is the hundreds digit of m(-7)?
2
Suppose 2*z - 4077 = l, -2*z = -5*l - 2520 - 1561. What is the tens digit of z?
3
Suppose -8*g + 36770 = -7726. Suppose g = 63*i - 57*i. What is the units digit of i?
7
Let l(k) = k. Let g(r) = -33*r - 16. Let s(q) = 2*g(q) + 4*l(q). What is the tens digit of s(-6)?
4
Let o = 17031 + 46. What is the units digit of o?
7
Suppose 4*x = -8, -4*u + 2*u = x - 6. Suppose -u*v - 2946 = -7*v. What is the tens digit of v?
8
Let k(n) = 953*n - 34. Let j be k(3). Suppose 3*a - 2117 = 4*c, -4*a = -2*c - c - j. What is the tens digit of a?
0
Let s(b) = 233*b - 42. What is the thousands digit of s(22)?
5
Let y(j) = 84*j**2 - 7*j + 13. What is the units digit of y(2)?
5
Let f(t) be the third derivative of 1/60*t**6 + 0*t + 21*t**2 - 1/4*t**4 + 0 - 3/2*t**3 - 1/15*t**5. What is the tens digit of f(5)?
1
Let j(a) = 3*a**3 + 5*a**2 - 45*a + 21. Let o be j(9). Suppose o = -7*t + 11*t. What is the tens digit of t?
5
Suppose -38*a + 71396 = -25*a. What is the tens digit of a?
9
Suppose 0 = j - 3*g - 6, 2*j + 8*g - 10 = 13*g. Suppose 2*z = -j*z - 2*m + 490, m = 0. What is the hundreds digit of z?
2
Let p(c) = 2*c**3 + 18*c**2 - 100*c - 13. Let g be p(7). Suppose g*a - 851*a - 36 = 0. What is the units digit of a?
9
Let v(z) = z**3 - 14*z**2 + 12*z + 31. Let b be v(13). Let o be 4/6 + -1*(-42)/b. Suppose m = o*m - 154. What is the tens digit of m?
7
Let x = -8316 + 15384. What is the tens digit of x?
6
Suppose 153 + 99 = -12*q. What is the units digit of 7*(-18)/q - -500?
6
Let g = 15476 + 1552. What is the tens digit of g?
2
Let v(d) be the first derivative of 355*d**2/2 - 37*d + 20. What is the tens digit of v(2)?
7
Let j(f) = 3315*f**2 + 3*f - 33. What is the thousands digit of j(-2)?
3
Let s be 92 + -5 + 6 + -12 + 3. What is the units digit of 126/s*(-1426)/(-3)?
3
Let b = 7565 + -6473. What is the units digit of b?
2
Suppose j - o - 3687 = 951, -3*j = -4*o - 13909. What is the tens digit of j?
4
Let q = 172574 + -119226. What is the units digit of q?
8
Let p(q) = -55*q - 106. Let a be p(-2). Suppose -a*b + 2541 + 5103 = 0. What is the thousands digit of b?
1
Let w = -2 + 2. Let z(f) = -f**2 + f - 30. Let x be z(w). What is the units digit of ((-42)/(-21))/(1 + x/34)?
7
Let k(a) = -61*a - 44. Let t be k(-6). Let f = 571 - t. What is the tens digit of f?
4
Let v(a) = 3*a**3 + 2*a**2 - 31*a + 123. What is the units digit of v(17)?
3
Let c(r) = 186*r + 760. Let u(t) = 47*t + 190. Let z(w) = 2*c(w) - 9*u(w). What is the tens digit of z(-13)?
7
Let b = -86204 + 135127. What is the ten thousands digit of b?
4
Suppose 12*x = -9*t + 13*x + 33703, -t = 3*x - 3751. What is the thousands digit of t?
3
Let g be -6 - ((-144)/22 - 18/(-33)). Suppose -8*s + 5*s + 1656 = g. What is the hundreds digit of s?
5
Let m(c) = 2*c**2 + 17*c + 63. Let j be m(-11). Let g = j + -40. What is the tens digit of g?
7
Suppose -35*a = -41*a - 384. What is the units digit of a - -57 - 1*-182?
5
Let c be 7/(-14) - 379/2. Suppose 0 = -3*i - 2*z + 863, -1445 = -7*i + 2*i - 5*z. Let a = i + c. What is the units digit of a?
5
Let q(w) = 9*w**2 + 15*w + 49. Let f be q(10). Let i = f - 656. What is the tens digit of i?
4
Let w(h) = -89*h - 81. Let o(y) = 30*y + 27. Let r(s) = 7*o(s) + 2*w(s). Suppose -6*a + 26 = -22. What is the hundreds digit of r(a)?
2
Suppose 67*x + 384320 = 939348. What is the tens digit of x?
8
Suppose 15*f - 288 = 21*f. Let x = 165 - f. What is the hundreds digit of x?
2
Suppose 0 = 5*d - 5*v + 10, 0 = -9*d + 4*d + 3*v - 6. What is the tens digit of 5*(14 + d)*(5 + -1)?
8
Let f = -100 - 722. Let o(r) = -r**2 - 4. Let z be o(0). What is the units digit of f/z - 17/(-34)?
6
Let z be -15*(45/(-27))/5. What is the hundreds digit of (-4410)/(-39) - z/65?
1
Let h(q) = q + 2. Suppose -4 = -3*u + 2*f, 13 = 3*u + u + 5*f. Let x be h(u). Suppose -x*g + 114 + 86 = 0. What is the units digit of g?
0
Let w(z) be the first derivative of -19*z**2/2 - 7*z + 82. What is the units digit of w(-16)?
7
Suppose -2*l + 75608 = v, 59*l + 3*v + 37783 = 60*l. What is the tens digit of l?
0
Let v(i) = i**3 + 10*i**2 - 21*i + 44. Let k be v(-12). Suppose 5*f + 1984 = 3*q, 16 - k = -4*f. What is the units digit of q?
8
Suppose -5*r + 436 = 3*u, -3*r + 169 = -r + 3*u. Suppose 2*b + 0*b + 2 = 0, r = z - 2*b. Suppose -3*v + 3 - 6 = 0, 3*s - z = 3*v. What is the units